 -2*l - 3*h - 2 + 5 = 0, -4*h = -4*l + 36. What is the remainder when o is divided by l?
4
Suppose 1 = -5*c - 14. Let w(a) = 1 - 10*a**2 - 3*a**3 + 19*a**2 + 3*a - 10*a**2. What is the remainder when w(c) is divided by 22?
20
Suppose -3*c = -4*y - 50, 0*y + 17 = -y + 3*c. Let l = y - -35. Calculate the remainder when 45 is divided by l.
21
Let m(q) = 5*q**2 - 2. Suppose -17 = 5*n - 192. Calculate the remainder when n is divided by m(2).
17
Suppose 0 = 3*t - 6*t + q + 105, 2*t - 70 = -3*q. Suppose 4*h + t = 3*l, -5*l - h + 50 = -6*h. Calculate the remainder when 12 is divided by l.
2
Let l(g) = -5*g + 17. Calculate the remainder when l(-8) is divided by 30.
27
Let q be 7/(-28) + 586/8. Let z = q + -43. What is the remainder when z is divided by 16?
14
Suppose 2*v - 90 = 7*v. Let a be -3*3/v*10. Suppose -6 = -a*z + 4. Calculate the remainder when 2 is divided by z.
0
Suppose 0 = -3*r - 21 + 69. Suppose -4*t + r + 40 = 0. Calculate the remainder when t is divided by 8.
6
Suppose -u + 14 = g, 5*u + 0*u + 25 = 0. Let k = 26 + -19. Calculate the remainder when g is divided by k.
5
Let z(k) = -3*k - 15. What is the remainder when 81 is divided by z(-12)?
18
Let n(z) = -3*z**3 - 14*z**2 + 3*z - 3. Suppose 105 = 5*i + 40. What is the remainder when i is divided by n(-5)?
6
Suppose 4*n - 2*h = 46, 80 = 9*n - 4*n + 5*h. Suppose 0 = 4*p - 3*p. Suppose w - 37 = -p*w. What is the remainder when w is divided by n?
11
Calculate the remainder when (-4)/(-2) + 44*(-9)/(-12) is divided by 28.
7
Let r be (0 + -1*1)*-2. Suppose f - r*f = -3. Calculate the remainder when 1*-2 + 2 + (-2 - -7) is divided by f.
2
Let w = -6 - -5. Let r(o) = -4*o**3 + 2*o**2 + 2*o + 1. What is the remainder when r(w) is divided by 3?
2
Let k = -40 - -68. Let r be 56/6*21/(-14). Let i = -4 - r. Calculate the remainder when k is divided by i.
8
Let q(x) = 2*x - 48. Let a be q(22). Let s be 6/21 - (-9)/(-7). Let f = s - a. What is the remainder when 8 is divided by f?
2
Suppose -3*f = -8 + 2. Suppose 2*b + 1 = 3. Calculate the remainder when f is divided by b.
0
Let j be (1 - -1)*(-3)/(-6). Suppose 5 = o - j. Calculate the remainder when o is divided by 4.
2
Let x(k) = -2*k + 5. Let r be x(-13). Let o = r - 24. What is the remainder when 12 is divided by o?
5
Suppose 2 = 3*v - 2*v. Suppose -v*g + 16 + 24 = 2*q, -2*g - 29 = -q. Calculate the remainder when q is divided by ((-16)/10)/((-1)/5).
7
Let n = -34 - -45. What is the remainder when 53 is divided by n?
9
Suppose 0*d = 4*d - 108. Suppose 0 = 4*g - 5*g + d. Suppose 3*b - g = -4*o, -4*o - o - 15 = 0. Calculate the remainder when 24 is divided by b.
11
Let w(u) = u + 8. Suppose 0 = -0*f - 3*f. Let v(i) = i + 8. What is the remainder when v(f) is divided by w(-5)?
2
Suppose -7*m + 2*m + 785 = 5*w, 0 = 5*m + w - 797. Calculate the remainder when m is divided by 41.
37
Let d(g) = g**3 + 6*g**2 - g + 3. Let y(l) = -l**2 + 6*l + 5. Let x = -8 + 14. Calculate the remainder when d(-6) is divided by y(x).
4
Let i = -9 - -17. Calculate the remainder when 29 is divided by i.
5
Suppose 4*b - 2*b = 40. Suppose 5*v - b = 50. Calculate the remainder when v is divided by 8.
6
Let g = -108 - -197. Calculate the remainder when g is divided by 30.
29
Suppose -3*j + 10 = -2*j. Let o = 9 - j. Let p(m) = -m**3 + 2*m**2 + 2*m + 1. Calculate the remainder when p(o) is divided by 1.
0
Let b(o) = 5*o**2 + 20*o + 10. Let g(t) = t**2 + 4*t + 2. Let l(r) = -2*b(r) + 11*g(r). What is the remainder when l(-8) is divided by 18?
16
Let j(p) = p + 3. Suppose 5*k - 4 - 36 = 0. Calculate the remainder when 32 is divided by j(k).
10
Let u(a) = -2*a**3 - 3*a**2 - 4*a - 3. Suppose 73 - 205 = -4*k. What is the remainder when k is divided by u(-2)?
6
Suppose -6*q + 12 = -2*q. Let s(w) = w - 4 - 2 + q. Calculate the remainder when s(7) is divided by 3.
1
Suppose 0 = -0*g + 2*g - 86. Suppose 23 = 2*x - g. What is the remainder when x is divided by 9?
6
Suppose 9 - 1 = 4*z. Suppose -z = -5*i + 8. What is the remainder when 13 is divided by (i + -12)/(-2) + 2?
6
Let b = 10 - 7. Suppose 0 = b*x - 4*i - 111, 71 = 4*x - 5*i - 77. Suppose -2*f = -0*f - 26. Calculate the remainder when x is divided by f.
11
Suppose -45 = n - 3*n - p, -p - 3 = 0. Let m = -22 + 35. Calculate the remainder when n is divided by m.
11
Let m = 58 - 40. What is the remainder when 52 is divided by m?
16
Suppose 21 - 1 = -3*k - 4*m, -4*m - 20 = k. Suppose -23 = -3*b + 2*s, -4*b + 64 = -k*b + 4*s. Calculate the remainder when b is divided by 7.
4
Suppose 4*k + k - 205 = 0. What is the remainder when k is divided by 22?
19
Let u(i) = -2*i**3 - 13*i**2 - 3*i - 11. What is the remainder when u(-7) is divided by 21?
17
Suppose 3*w - a - 25 = 0, 0 = -3*w + 6*w - 4*a - 19. Calculate the remainder when (7 + -4 + -11)/((-1)/2) is divided by w.
7
Suppose -4*r = -2*r - 112. Calculate the remainder when r is divided by 19.
18
Let v(x) = -x - 4. Let k be v(-8). Suppose k*i = -4 - 0, 5*i = y - 12. What is the remainder when 20 is divided by y?
6
Let q(g) = 15*g - 3. Let m be q(6). Suppose -5*i = -m - 13. Suppose 4*r - 38 - 6 = 0. What is the remainder when i is divided by r?
9
Let p(i) = 3 + 0 - i + 5. Let f = -11 + 11. What is the remainder when p(f) is divided by 5?
3
Let m be (-8)/(2 - (-28)/(-13)). Suppose h + 28 = -2*p + 5*p, -5*h - m = -4*p. Suppose 0 = -u - 0*u + 3. Calculate the remainder when p is divided by u.
2
Let t(n) = -76*n**2 + 6*n. Let m(l) = -455*l**2 + 35*l. Let v(s) = -6*m(s) + 35*t(s). Calculate the remainder when v(1) is divided by 24.
22
Let o(t) = t**3 + 6*t**2 - 3*t - 3. Calculate the remainder when 58 is divided by o(-6).
13
Let g(l) be the first derivative of 7*l**3/3 - l - 1. Let x be g(1). Let w(s) = s**3 - 7*s**2 + 10*s - 6. Calculate the remainder when w(x) is divided by 10.
8
Let n(v) = v**2. Let a(w) = 4*w**2 - 7*w + 5. Let r(p) = -a(p) + 3*n(p). What is the remainder when r(6) is divided by 1?
0
Let y = -2 - -5. Suppose -6 = -y*z + 87. Suppose 5*r = 1 + 4, -r + 49 = 3*x. What is the remainder when z is divided by x?
15
Let j(c) = c + 7. Let g be j(-5). Suppose r - g*r = -40. What is the remainder when r is divided by 21?
19
Suppose -4*y = 4*n + y + 25, -3*n + 4*y = -20. Suppose -4*q + 259 = 5*o, -3*o + n*q + 155 = 2*q. What is the remainder when (-1)/((-54)/o + 1) is divided by 9?
8
Let x = -16 - -16. Suppose 3*q - 21 = -n, -3*q = 4*n - x*q - 57. What is the remainder when n is divided by 5?
2
Suppose -i + 185 = 4*i. Calculate the remainder when i is divided by 13.
11
Let z = 40 + -20. What is the remainder when 26 is divided by (z/(-6))/((-6)/18)?
6
Let p(c) = 7*c - 3. Let y be p(7). Let q = y - 29. Suppose 3*f + i = q, -3*i = 4*f + f - 23. What is the remainder when 13 is divided by f?
6
Let v be 1/(2/(-4)) - -2. Calculate the remainder when 24 is divided by 2 + v + -3 - -10.
6
Let r = 55 - 32. Let l be -14 - ((0 - 0) + -1). Let x = r + l. What is the remainder when 19 is divided by x?
9
Let c(b) = b**2 + 5*b - 1. Let h(a) = 2*a**2 + 11*a - 2. Let l(v) = 9*c(v) - 4*h(v). Calculate the remainder when 64 is divided by l(3).
9
Let q be 3*1*5/5. Let y(l) = l + l**2 + 0*l**2 + 5 + q*l. What is the remainder when y(-7) is divided by 9?
8
Let u = -4 - -6. Suppose 4*m = 12 - 4. What is the remainder when u is divided by m?
0
Suppose 6*t = 69 + 459. What is the remainder when t is divided by 23?
19
Let y = 7 + -17. What is the remainder when 36 is divided by ((-26)/(-3))/(y/(-15))?
10
Suppose w + w - 4 = 0. Suppose -3*o + 3*q + w*q + 16 = 0, o - 16 = -q. Calculate the remainder when 47 is divided by o.
11
Suppose 2*j = -5*t + 103 + 57, 5*t - 135 = 3*j. Suppose 2*z = -4*a + 14, 4*z + a - 19 = 23. What is the remainder when t is divided by z?
8
Suppose 5*r + 4*f - 24 = 4*r, 2*r = -2*f + 36. Let m = r - -12. Let d = -14 - -24. Calculate the remainder when m is divided by d.
8
Suppose 2 + 4 = 3*g. Let y(r) = r**2 + 10*r + 6. Calculate the remainder when y(-10) is divided by g.
0
Let z = 13 + -9. Suppose -6*t = z*y - 4*t - 106, 4*t = 2*y - 38. What is the remainder when y is divided by 13?
12
Suppose -5*k = -p - 370, -4*k + 4*p + 0*p + 312 = 0. What is the remainder when k is divided by 15?
13
Suppose 2*c - 266 = -z, 0*z - 2*z = 3*c - 536. What is the remainder when z is divided by 46?
44
Suppose 